?
False
Is 801397853 a prime number?
True
Is 340728503855 a composite number?
True
Is 41790849713 composite?
False
Is 796197833 a prime number?
True
Is 57763667113 a prime number?
True
Is 4932203021 prime?
False
Is 71724849193 prime?
True
Is 5103593791 a composite number?
False
Is 6072995081 prime?
True
Is 1270886431 a prime number?
True
Is 681391559 a prime number?
True
Is 28384145051 composite?
False
Is 40416329761 prime?
True
Is 626048733 a composite number?
True
Is 12121830361 a composite number?
False
Is 294089119 a composite number?
False
Is 261294073 prime?
True
Is 11960350783 composite?
False
Is 5716029919 composite?
True
Is 1149187691 a prime number?
True
Is 7351742591 a prime number?
False
Is 26219658281 a prime number?
False
Is 74296774207 composite?
True
Is 613285919 prime?
True
Is 835524533 composite?
True
Is 1706331227 a composite number?
False
Is 190169515 a prime number?
False
Is 848601319 a prime number?
True
Is 8909887603 composite?
False
Is 27373676303 a prime number?
False
Is 7646437067 a composite number?
False
Is 1044890653 a composite number?
True
Is 1766470747 composite?
False
Is 1139183337 a prime number?
False
Is 1768135753 a prime number?
False
Is 7335438107 prime?
True
Is 3147002371 composite?
False
Is 2164550071 composite?
False
Is 67720990397 prime?
True
Is 89325173785 prime?
False
Is 2718697081 a composite number?
True
Is 241115362333 prime?
True
Is 162610950071 a prime number?
True
Is 220482621613 composite?
False
Is 1869267955 prime?
False
Is 22647350477 a composite number?
False
Is 276523139 a prime number?
False
Is 2921410301 a composite number?
False
Is 5915463337 a prime number?
False
Is 117788451479 a prime number?
False
Is 24251609 a composite number?
False
Is 1351486007 composite?
False
Is 5649384271 prime?
True
Is 137905111403 composite?
True
Is 7812397361 prime?
True
Is 181248539 prime?
True
Is 1065197467 a composite number?
False
Is 1184276363 prime?
True
Is 20307350383 a prime number?
True
Is 563975259 a composite number?
True
Is 179474596058 composite?
True
Is 853121657 a composite number?
True
Is 2922371813 a composite number?
False
Is 12901808273 a composite number?
True
Is 2113159189 composite?
True
Is 364828969 a prime number?
True
Is 3039103211 prime?
False
Is 1492886617 a composite number?
True
Is 4302912547 a prime number?
True
Is 3572959997 a composite number?
True
Is 9972133663 prime?
True
Is 1954528567 a composite number?
False
Is 55456466441 composite?
False
Is 674148947 a prime number?
True
Is 570596017 prime?
False
Is 9096729431 prime?
False
Is 61389181 a composite number?
True
Is 12869857883 prime?
True
Is 9721297 composite?
True
Is 92622824669 prime?
True
Is 1033784119 composite?
False
Is 28522626491 a prime number?
True
Is 3391085821 a composite number?
False
Is 822945779 a composite number?
False
Is 4241015951 a composite number?
False
Is 30620293 composite?
True
Is 2592081169 prime?
True
Is 4192597547 prime?
True
Is 42292362397 composite?
True
Is 68679663427 prime?
True
Is 3677099059 prime?
True
Is 3407069773 a composite number?
True
Is 810007309 prime?
False
Is 9967363049 prime?
False
Is 18770385587 a composite number?
False
Is 20235573851 a prime number?
False
Is 793202819 a prime number?
True
Is 18103328333 composite?
False
Is 147325874671 a composite number?
False
Is 34500980711 a prime number?
False
Is 9740987707 prime?
False
Is 145812283 a composite number?
True
Is 11727037079 prime?
False
Is 2325155293 a prime number?
True
Is 22198601371 composite?
False
Is 1014074393 a composite number?
True
Is 73002239979 a prime number?
False
Is 3996913541 a prime number?
False
Is 22788477409 prime?
False
Is 210493957 a prime number?
False
Is 8019014503 a prime number?
False
Is 7491773297 prime?
True
Is 151633318511 composite?
True
Is 2598908861 prime?
False
Is 135127553471 composite?
True
Is 4753287031 a prime number?
False
Is 197011469 prime?
False
Is 2380075859 a prime number?
False
Is 6327045743 prime?
True
Is 23701143773 prime?
False
Is 221043737 a prime number?
True
Is 1005345141 composite?
True
Is 26920858799 prime?
True
Is 41890378723 prime?
False
Is 25840847881 a prime number?
False
Is 657830339 a prime number?
False
Is 9900815423 prime?
False
Is 106077721 a composite number?
False
Is 887240831 prime?
True
Is 10963573631 composite?
False
Is 6853340893 a composite number?
True
Is 31661364707 a composite number?
True
Is 4434060803 prime?
True
Is 13881715579 a prime number?
True
Is 6996993919 a prime number?
True
Is 101952953 a prime number?
False
Is 32067892399 a prime number?
False
Is 7672951589 composite?
False
Is 9257264489 prime?
False
Is 8149496273 prime?
False
Is 230014579 composite?
True
Is 252611081 prime?
False
Is 8314019697 composite?
True
Is 1378889609 a composite number?
False
Is 46548352093 a composite number?
False
Is 4695226931 prime?
True
Is 18729791359 a composite number?
False
Is 166325923 prime?
True
Is 5195860291 prime?
False
Is 503095639 a prime number?
True
Is 11583221459 composite?
False
Is 506155211 a composite number?
False
Is 143846463907 a prime number?
True
Is 259463021 a composite number?
True
Is 135804563 composite?
False
Is 1081581637 a composite number?
False
Is 38687878753 composite?
True
Is 632450383 a prime number?
False
Is 5419947691 a composite number?
False
Is 32544079831 a prime number?
True
Is 4548615451 composite?
True
Is 14232785179 prime?
True
Is 59821837 a prime number?
True
Is 836643019 a prime number?
False
Is 14469196361 a prime number?
False
Is 216860808257 composite?
False
Is 8130525409 a composite number?
False
Is 675272441 prime?
True
Is 10156353577 a prime number?
True
Is 3317511607 composite?
True
Is 1556773877 a composite number?
True
Is 598373183 prime?
True
Is 36685967 a composite number?
True
Is 792126121 composite?
True
Is 1639889609 a composite number?
False
Is 3867715921 a prime number?
False
Is 241402337 composite?
True
Is 18600530541 composite?
True
Is 50833319 a composite number?
True
Is 54792608167 a prime number?
False
Is 66923580169 a composite number?
True
Is 31942152386 prime?
False
Is 15119853719 a prime number?
True
Is 60763504969 composite?
False
Is 37713658927 prime?
False
Is 3364986221 a prime number?
True
Is 12068530829 prime?
False
Is 1011252379 prime?
False
Is 354702427 prime?
True
Is 8850879227 composite?
False
Is 427879729 composite?
True
Is 1386828029293 composite?
True
Is 3970948217 a prime number?
False
Is 4087689097 a prime number?
True
Is 203243348653 a prime number?
False
Is 163565001857 prime?
True
Is 2358955747 composite?
True
Is 3216403493 a prime number?
True
Is 330721117 composite?
True
Is 1065414697 composite?
False
Is 5265405091 a composite number?
False
Is 339390061 a composite number?
False
Is 34460844157 prime?
True
Is 79608758267 prime?
True
Is 827972311 prime?
False
Is 2343922309 prime?
True
Is 369028501 composite?
True
Is 3544509263 composite?
True
Is 1771431209 prime?
True
Is 4470611077 prime?
True
Is 475583166893 composite?
True
Is 914552021 prime?
True
Is 61546950109 composite?
False
Is 1923758803 a composite number?
False
Is 1005627121 a composite number?
False
Is 32694992971 prime?
True
Is 3223133777 a composite number?
False
Is 276564781 a composite number?
True
Is 2871667079 a prime number?
False
Is 128350477 composite?
True
Is 316819001 composite?
True
Is 269076959 a prime number?
True
Is 1241216842 a composite number?
True
Is 2093041559 prime?
False
Is 22004012995 a prime number?
False
Is 3270477253 composite?
False
Is 3032067517 prime?
True
Is 8080418735 composite?
True
Is 2163145871 a prime number?
True
Is 1996972183 composite?
False
Is 2270443261 a composite number?
True
Is 2696549419 composite?
False
Is 49835161 composite?
False
Is 399407485 prime?
False
Is 2932211831 composite?
False
Is 260614951 prime?
False
Is 97402498 a prime number?
False
Is 1028106709 a prime number?
False
Is 40079171311 composite?
True
Is 11671548235 composite?
True
Is 8776076371 a prime number?
True
Is 5156210249 a prime number?
True
Is 144535829 prime?
True
Is 60220921 prime?
True
Is 166652333 a composite number?
False
Is 80567566789 composite?
False
Is 67374594437 composite?
True
Is 679182419 a composite number?
True
Is 1701095621 a prime number?
True
Is 10987917767 a prime number?
False
Is 3